 x be u(w). Suppose x = a + 3*a - 24. List the prime factors of a.
2, 3
Let v = 133 - 27. Suppose -3*u = -u - 2*f - 56, 4*u - 2*f - v = 0. Suppose 0 = 4*d - j - 21, -4 = d + 5*j - u. List the prime factors of d.
2, 3
Suppose -4*c - 73 = -5*c. Suppose -5*a + c = -12. What are the prime factors of a?
17
Let l(n) = -44*n + 5*n**2 + 44*n - 1. List the prime factors of l(3).
2, 11
Let p(d) = -15*d - 1. Let q be p(-1). Suppose s + q = 2*s. List the prime factors of s.
2, 7
Let k = 411 + -10. What are the prime factors of k?
401
Suppose 4 + 3 = f. What are the prime factors of f?
7
Suppose 2*x = 5*w - 138, -2*x = -2*w + 2*x + 52. What are the prime factors of w?
2, 7
Let w = 17 + -1. Suppose w = 7*q - 3*q. Suppose -3*u - 2*g = -3*g - 6, 2*g = 2*u - q. List the prime factors of u.
2
Let k = 67 - -150. What are the prime factors of k?
7, 31
Let b(l) = -61*l + 2. Let y be b(-1). Let o = y - 16. List the prime factors of o.
47
Suppose 0 = 4*a - a - 9. List the prime factors of (1 + 2)*a/1.
3
Let h(c) = -14*c. Let s be h(-6). Let d = 145 - s. What are the prime factors of d?
61
Let k(z) = -z - 4. Suppose 0*w = -w - 6. Let q be k(w). Suppose q*h - 12 = -0*h. List the prime factors of h.
2, 3
Let u(n) = -n**3 + 2*n - 1. Let i be u(1). Suppose -k = -i*k - 13. List the prime factors of k.
13
Suppose f = -3*f + 4*m, 4*m = 2*f. Suppose 21 = i - f*i. List the prime factors of i.
3, 7
Let u = 5 - 3. Suppose -u*q + 15 = 3*q. List the prime factors of 29/3 + 1/q.
2, 5
Let p(j) = j**3 - 5*j**2 - 3*j + 4. Let x be p(4). List the prime factors of 6/x - (-21)/4.
5
Let z(h) = 3*h + 2. Let t be z(-3). List the prime factors of 2/(-7) + (-51)/t.
7
Let y(x) = -x**3 + 10*x**2 + x - 9. List the prime factors of y(7).
5, 29
Suppose -4 = -2*f - 0. Suppose -f*x + 9 + 9 = 0. What are the prime factors of x?
3
Let v(p) = 7*p - 1. Let i be (2/(-5))/(1/(-5)). Suppose i*g - f = -g + 7, -g - 11 = 3*f. What are the prime factors of v(g)?
2, 3
Let j = -16 + 43. Suppose 0*v - j = -v. What are the prime factors of v?
3
Let l(v) be the first derivative of 7*v**2/2 - 6*v + 5. List the prime factors of l(3).
3, 5
Let o = -91 + 103. List the prime factors of o.
2, 3
Let r = 31 + -11. Suppose -2*k + r = 3*k. Suppose 0 = k*w - 3*s - 56, 2*w = -w - 2*s + 25. List the prime factors of w.
11
Let r(i) = -8*i**2 - 7*i + 3. Let v(p) = 7*p**2 + 7*p - 2. Let q(l) = -6*r(l) - 7*v(l). Let y be q(-6). What are the prime factors of 3/6*y*23?
23
Suppose 2*g + 3*m = -2*m + 13, -5*g - 5*m = -40. Let v = 0 - -6. Suppose -3*s - g = -v*s. What are the prime factors of s?
3
Suppose -4*x + 3*q + 168 = 0, 0*q = 3*q. What are the prime factors of x?
2, 3, 7
Let u(v) = -v**3 - 2*v**2 + 3*v + 3. Let m be u(-3). Suppose 0 = m*r - 32 + 11. List the prime factors of r.
7
Let y(b) = -b**3 + 6*b**2 - 4*b - 1. Let j be y(5). Let d be (-4 - -10)*18/j. Suppose -c + 4*c = d. What are the prime factors of c?
3
Suppose -8*k = 24 - 168. Let f(r) = -r + 4. Let n be f(4). Suppose -5*o + 4*m + 31 = n, 3*m + k = -3*o + 6*o. List the prime factors of o.
7
Let n be 4 + 1*(0 + -1). Suppose 5*l - 89 = -m, n*m + 2*m = -5*l + 85. List the prime factors of l.
2, 3
Let a(g) = -g**2 + 11*g - 5. Let x be a(9). Let s = x + -5. What are the prime factors of s?
2
Let h(n) = -n**2 + 7*n - 3. Let t be h(6). Suppose 106 = t*z + 4. List the prime factors of z.
2, 17
Suppose 0*o - 8 = -2*o, -x - 3*o + 45 = 0. What are the prime factors of x?
3, 11
Let w(q) = 6*q**3 + q**2 + 2*q + 1. Let j be w(2). Let u be -2 + j/6*4. Suppose 16 = 3*n - o, 5*n + o = -2*o + u. What are the prime factors of n?
2, 3
Suppose 0 = -p + 3 - 1. Let z be p + (0 + 2 - 2). What are the prime factors of (-8)/z*1/(-2)?
2
List the prime factors of (0 + -4 - 54)*-1.
2, 29
Let n(j) = j**2 - 9*j + 6. Let o = 20 - 11. Let d be n(o). Suppose 5*m - 3*m - d = 0. List the prime factors of m.
3
Let b(l) = -l**2 - 3*l + 4. Let k be b(3). What are the prime factors of 16/(-56) - 578/k?
41
Suppose 66 = 3*p - 270. What are the prime factors of p?
2, 7
List the prime factors of (-4)/(-7) + 50/35.
2
Let w = 425 - 657. Let a = -166 - w. What are the prime factors of (-2)/(-5) - a/(-10)?
7
Let v(o) = -2*o + 1. List the prime factors of v(-9).
19
Let c(l) = 9*l**2 - 2*l - 4. List the prime factors of c(-3).
83
Suppose 8 = a + a. Let w = -69 - -74. Suppose -w*j + 5*x = -25, 13 = a*j + 5*x - 2*x. What are the prime factors of j?
2
Suppose -3*u = -8 - 22. Let d(a) = a + 2. Let s be d(-8). Let l = s + u. What are the prime factors of l?
2
Suppose 8 = -4*m + 4*x, -5*m + 2*m = -5*x + 14. List the prime factors of (0 - m) + 25 + 1.
2, 3
Let g = 204 - 100. What are the prime factors of g?
2, 13
Let v be (-2)/(-4) + (-2)/(-4). Suppose w - 24 = -w + 5*h, -w - 2*h + 12 = 0. Let d = w - v. List the prime factors of d.
11
Suppose 0 = 3*a + 5*f - 158, -2*a + 3*f + 100 = -37. List the prime factors of a.
61
Let j(r) = -r + 1. Let d(o) = 6*o - 3*o + 4 + 0*o + 3*o. Let t(q) = -d(q) - 3*j(q). List the prime factors of t(-7).
2, 7
Let s(u) = 38*u - 3. Let i be s(2). Suppose 1 = p - 5*y, -3*y = p + 3*p - i. Suppose -4*t = -2*t - p. What are the prime factors of t?
2
List the prime factors of 6/3 + (70 - -3).
3, 5
Suppose 55 - 6 = q + 2*x, -47 = -q - 4*x. What are the prime factors of q?
3, 17
Let l(x) = -x**2 + 12*x + 17. Suppose 32 = d + 5*w, 0 = 2*d - 4*w + 3*w - 20. What are the prime factors of l(d)?
17
Let s = -260 + 542. What are the prime factors of s?
2, 3, 47
Let a be (-2)/5 - (-24)/10. Let s = -12 - -12. Suppose -a*c - c + 24 = s. List the prime factors of c.
2
Let a = 9 + -5. Let y be (4/8)/(2/a). Suppose 4*j + y - 25 = 0. List the prime factors of j.
2, 3
Suppose -4*f = 5*d - 4 - 12, 3*d - 11 = -f. Suppose 0*y = -d*y + 72. List the prime factors of y + 4 + -3 + -3.
2
Let w(j) = j**3 + 7*j**2 + 4*j - 1. Suppose 3*d - 30 = 8*d. What are the prime factors of w(d)?
11
Suppose -4*m + 130 = -86. What are the prime factors of m?
2, 3
Let h be (4 + 1)*(-8)/2. Let l be h*(0 + -2)/2. Suppose -t + l = 4*t. What are the prime factors of t?
2
Suppose -3*y - 2*j + 70 = 0, y - 4*j = -3*y + 80. List the prime factors of y.
2, 11
Let h be 4/6 - (-840)/9. Suppose 5*f - 51 = h. Suppose 3*i - 6 = -3*p, 0 = 5*p + f - 9. What are the prime factors of i?
2, 3
Suppose n + 1 = 0, 4*q - 3*n + 0*n = 423. List the prime factors of q.
3, 5, 7
Suppose -20 = -2*a + 10. What are the prime factors of a?
3, 5
Let g = 29 - 15. Let z = 5 - g. Let f = z + 22. List the prime factors of f.
13
Let w(a) = a**3 - a**2 + 5*a - 1. Suppose 0 = 4*m - s - 31, -3*s + s - 34 = -4*m. Let v be w(m). List the prime factors of v/18 - (-18)/(-81).
2, 3
Let v be (-26 + 0)*1/(-2). Suppose -2*x + v = -5. What are the prime factors of x?
3
Suppose -43 = 5*x - 6*x. What are the prime factors of x?
43
Suppose -g - g + 2*w = -892, 2226 = 5*g - 4*w. What are the prime factors of g?
2, 13, 17
Let k = -168 - -276. List the prime factors of k.
2, 3
Let z(q) = -q - 2. Let l be z(-5). What are the prime factors of (-3)/(-9) + 23/l?
2
Let g = -15 + 30. Suppose -c = 4*c - g. Suppose -c*n + 17 = -1. List the prime factors of n.
2, 3
Let t(w) = -3*w - 9. Let g be t(-6). Let x = g + -5. Suppose d + x = 11. List the prime factors of d.
7
Suppose r - 41 = -15. Suppose 0 = -3*n - 15, -5*n + r = a - 0*n. What are the prime factors of a?
3, 17
Let y(j) = -j**3 + 2*j. Let u be y(-2). Suppose -2*r = -r - u. Suppose -5*x = -r*n + 11, 6*x - 1 = n + x. List the prime factors of n.
2
Suppose -4*u + 9*u = 65. Suppose -b - 2*b - 4*f + u = 0, 3*b - f = 8. List the prime factors of b.
3
Let x = 5 - -20. Suppose x = 4*k + k. Suppose 0*i - 21 = -3*i - o, 3*o + 49 = k*i. What are the prime factors of i?
2
Suppose 2*b + 12 = 4*b. Suppose -3*s = -b*s + 3. Suppose -2*h - t + 0*t = -17, -2*t + s = h. List the prime factors of h.
11
Let u(i) = -2*i - 7. Let a(n) = -n**2 + 7*n + 3. Let y be a(8). Let v be u(y). Suppose 3*w = -5*q + v*q + 16, 2*w - 10 = -q. List the prime factors of q.
2
Suppose j = 6 + 32. Let l = -20 + j. Suppose 5*p = 2*p + l. What are the prime factors of p?
2, 3
Let a(o) = 9*o**2 - 8*o**2 - 5 + 2*o + 0*o. Let u be a(4). Suppose -3*c - u = -b, 0 = -b - 2*c + 1 - 7. List the prime factors of b.
2
Let z(n) = -n + 4. Let h(a) = -2*a**2 + 2*a + 4. Let r be h(3). What are the prim